e greatest common divisor of 54 and 1194115338.
54
What is the greatest common factor of 41741 and 3187268?
623
What is the greatest common divisor of 44859955 and 4825?
965
Calculate the highest common divisor of 47012864 and 1984.
1984
Calculate the greatest common factor of 23224390 and 10.
10
What is the highest common factor of 73230 and 27255?
15
What is the highest common divisor of 1624764 and 2784220?
7628
What is the greatest common divisor of 6066 and 31079151?
3033
Calculate the greatest common divisor of 2563875 and 31875.
375
Calculate the highest common factor of 2 and 6733318.
2
Calculate the greatest common divisor of 29484 and 135108.
324
What is the greatest common factor of 7080 and 2561190?
1770
Calculate the greatest common divisor of 2604 and 22479247.
217
What is the highest common factor of 1468 and 2330846360?
1468
What is the greatest common factor of 20839 and 37749047?
1603
What is the greatest common divisor of 310044512 and 58688?
4192
What is the highest common divisor of 406515 and 1565175?
615
What is the greatest common divisor of 1990000 and 1520?
80
Calculate the highest common factor of 24 and 17010840.
24
What is the greatest common factor of 102063 and 81237?
39
Calculate the highest common divisor of 8448 and 2415864.
264
Calculate the highest common divisor of 76 and 5690583524.
76
What is the greatest common factor of 9415035 and 11907?
1701
What is the greatest common factor of 15872078 and 366?
122
What is the greatest common divisor of 9402191 and 20701?
127
Calculate the greatest common divisor of 303356302 and 536.
134
What is the greatest common factor of 235248 and 5868018?
1014
What is the highest common divisor of 6559110 and 726?
6
Calculate the greatest common divisor of 6426 and 1585182.
102
What is the highest common divisor of 4896662 and 2589?
863
Calculate the greatest common factor of 5049360 and 2715.
15
What is the greatest common factor of 6366 and 7678457?
1061
What is the greatest common divisor of 969 and 299361891?
969
What is the highest common divisor of 12865416 and 36?
12
Calculate the highest common factor of 9329283 and 4761.
207
Calculate the highest common factor of 8125117 and 19019.
1001
What is the highest common factor of 1905 and 207556989?
381
Calculate the greatest common divisor of 66720 and 19374.
6
Calculate the greatest common factor of 1970 and 8792701.
197
What is the highest common divisor of 38611640 and 1560?
40
What is the greatest common divisor of 192 and 156652224?
192
What is the highest common factor of 64777 and 94739?
211
Calculate the highest common factor of 209 and 111169.
19
What is the greatest common divisor of 599850 and 557850?
150
What is the greatest common divisor of 40384 and 4672?
64
What is the greatest common divisor of 2169 and 12108804?
723
What is the highest common factor of 50078 and 166502?
98
What is the highest common divisor of 84402 and 232366?
1042
Calculate the highest common factor of 1707855 and 1440.
15
What is the greatest common divisor of 1412450 and 125?
25
What is the highest common factor of 1518050921 and 51?
17
Calculate the highest common factor of 385888 and 24800.
992
Calculate the greatest common divisor of 19916453 and 472.
59
What is the highest common factor of 98720 and 29600?
160
What is the highest common divisor of 587682 and 5130?
54
What is the greatest common divisor of 1180424 and 456?
8
Calculate the highest common factor of 728303158 and 29.
29
What is the greatest common factor of 24238100 and 325?
25
What is the highest common divisor of 6365240 and 3810?
1270
What is the greatest common factor of 67 and 1462830698?
67
What is the highest common factor of 18765 and 132189?
417
Calculate the highest common factor of 336 and 1182504.
24
Calculate the greatest common factor of 59040800 and 91.
91
What is the greatest common factor of 174176 and 10400?
32
Calculate the highest common factor of 396 and 2303466.
66
What is the greatest common factor of 3529853 and 371?
53
What is the highest common factor of 44 and 72822012?
4
What is the highest common factor of 4319 and 2469851?
617
What is the greatest common divisor of 80366508 and 837?
279
Calculate the greatest common factor of 28269179 and 3.
1
Calculate the highest common factor of 2931813883 and 2063.
2063
Calculate the highest common factor of 224 and 632832.
32
Calculate the highest common divisor of 2318940 and 4368.
156
What is the highest common divisor of 306 and 383163?
51
Calculate the greatest common divisor of 1080461 and 1806.
43
What is the highest common divisor of 8082720 and 4080?
240
What is the greatest common factor of 15590 and 33599568?
3118
What is the highest common factor of 138060 and 17420?
260
Calculate the greatest common divisor of 2420 and 6493190.
110
What is the greatest common factor of 5673024 and 48307?
469
Calculate the greatest common divisor of 10692162 and 6.
6
Calculate the highest common divisor of 48 and 632266692.
12
Calculate the highest common factor of 3858030 and 255.
15
What is the highest common factor of 132 and 9039316?
44
Calculate the highest common factor of 83854904 and 190.
38
What is the highest common divisor of 26649 and 49397?
47
What is the greatest common divisor of 6528 and 763674?
102
Calculate the highest common divisor of 11226768 and 1680.
336
Calculate the greatest common factor of 235680 and 336826.
982
What is the greatest common divisor of 90916 and 8842652?
476
Calculate the highest common divisor of 72 and 11417355.
9
Calculate the highest common divisor of 23220 and 118.
2
Calculate the highest common factor of 133599659 and 17936.
1121
What is the highest common factor of 89580 and 543940?
20
Calculate the greatest common divisor of 166612560 and 10.
10
Calculate the greatest common divisor of 5900292060 and 780.
780
Calculate the highest common divisor of 456 and 20343376.
152
What is the greatest common factor of 914781 and 128625?
1029
What is the highest common divisor of 888997 and 1?
1
What is the greatest common divisor of 132 and 3473580?
132
Calculate the greatest common divisor of 9990 and 1858806.
666
What is the greatest common factor of 40813220 and 20?
20
What is the greatest common factor of 1292 and 1979401?
19
What is the greatest common divisor of 1193649 and 489?
489
Calculate the highest common divisor of 7920 and 9930.
30
What is the greatest common divisor of 28150068 and 414?
138
Calculate the greatest common factor of 90232 and 12832.
8
What is the greatest common divisor of 72701526 and 2490?
498
What is the highest common factor of 7921485 and 297?
99
Calculate the highest common factor of 849110 and 400.
10
What is the highest common divisor of 114675 and 1006170?
165
What is the greatest common divisor of 38631385 and 65?
65
What is the highest common factor of 14524139 and 16276?
313
What is the highest common factor of 11008 and 69660?
172
Calculate the greatest common factor of 40987924 and 1308.
436
What is the greatest common divisor of 32812 and 50828312?
2524
What is the greatest common factor of 50289040 and 10860?
3620
Calculate the greatest common factor of 143632028 and 3932.
3932
Calculate the greatest common factor of 32265635 and 12976.
811
What is the greatest common divisor of 313686 and 5588406?
1998
Calculate the highest common divisor of 14696225 and 450.
25
Calculate the greatest common divisor of 696 and 30665702.
58
What is the greatest common divisor of 9608 and 53890071?
1201
What is the greatest common divisor of 18084971 and 1067?
97
What is the greatest common factor of 256095 and 918855?
315
What is the highest common factor of 7366 and 171484163?
3683
Calculate the highest common divisor of 1650 and 325446.
66
What is the greatest common divisor of 83222635 and 5?
5
Calculate the greatest common divisor of 1276 and 163237868.
116
Calculate the highest common factor of 130 and 300415760.
10
Calculate the highest common divisor of 34342780 and 800.
20
Calculate the greatest common factor of 100 and 5314375.
25
What is the greatest common factor of 58 and 9302823?
29
Calculate the highest common divisor of 180 and 361920735.
45
Calculate the greatest common divisor of 686566 and 24250.
194
Calculate the hig